Is 14923921 a composite number?
False
Is 186889649 a composite number?
False
Is 1454471 prime?
False
Is 18042127 composite?
True
Is 5185907 a composite number?
True
Is 22014913 a composite number?
True
Is 254531523 a prime number?
False
Is 60323561 a composite number?
False
Is 125227 prime?
False
Is 81244693 composite?
True
Is 4602937 a prime number?
False
Is 157767427 prime?
True
Is 224342783 a prime number?
False
Is 26866781 composite?
False
Is 51614903 prime?
False
Is 44598679 composite?
True
Is 412939 a composite number?
False
Is 43141193 a prime number?
True
Is 3452777 a composite number?
True
Is 3203461 prime?
True
Is 140362 composite?
True
Is 4383241 a composite number?
False
Is 2358617 prime?
True
Is 88100353 a composite number?
True
Is 2812993 composite?
False
Is 32558979 prime?
False
Is 47070503 prime?
True
Is 940649 prime?
True
Is 670540679 a composite number?
False
Is 58515607 a prime number?
False
Is 156387703 a prime number?
True
Is 84800018 composite?
True
Is 15923693 composite?
True
Is 8052587 a composite number?
False
Is 559579 prime?
False
Is 85976239 prime?
True
Is 179529953 a composite number?
False
Is 3288091 a composite number?
False
Is 471483283 a composite number?
True
Is 7229018 composite?
True
Is 10380862 a prime number?
False
Is 3950599 composite?
False
Is 5603497 composite?
False
Is 816861335 a composite number?
True
Is 8907527 prime?
False
Is 41013547 composite?
True
Is 37815223 composite?
False
Is 1379 composite?
True
Is 3709487 a prime number?
True
Is 2938427 a prime number?
False
Is 1202251 a composite number?
False
Is 8992019 prime?
True
Is 237658049 a prime number?
False
Is 301038913 a prime number?
False
Is 2587099 prime?
True
Is 3095117 prime?
False
Is 296117 composite?
False
Is 1765121 a composite number?
False
Is 559799 a prime number?
True
Is 140297 a composite number?
False
Is 5193857 composite?
True
Is 1229011 a prime number?
False
Is 4467955 prime?
False
Is 69192939 a composite number?
True
Is 158618281 composite?
True
Is 19013369 composite?
True
Is 5003629 composite?
True
Is 7518961 a composite number?
False
Is 16955659 a prime number?
False
Is 18279493 prime?
False
Is 13200529 prime?
False
Is 105774251 a prime number?
False
Is 108565 composite?
True
Is 4224331 prime?
True
Is 455568202 prime?
False
Is 7622711 a composite number?
False
Is 79746707 a composite number?
True
Is 30107681 composite?
False
Is 64930703 prime?
False
Is 1426211 a composite number?
False
Is 30042899 prime?
False
Is 205111223 a prime number?
False
Is 3061151 composite?
True
Is 6867907 prime?
True
Is 6480781 prime?
True
Is 348311 composite?
True
Is 9494393 composite?
True
Is 68945483 a composite number?
False
Is 11616919 composite?
True
Is 3075299 composite?
False
Is 2633161 a composite number?
False
Is 20929973 composite?
True
Is 9130519 a prime number?
True
Is 32465669 a composite number?
False
Is 3651701 prime?
False
Is 69553139 prime?
True
Is 956023451 a composite number?
True
Is 840087133 a prime number?
True
Is 1326877 a prime number?
False
Is 422945 prime?
False
Is 94364681 a prime number?
True
Is 186714089 a prime number?
True
Is 443492597 composite?
True
Is 6674127 a composite number?
True
Is 10833569 composite?
True
Is 1243574278 composite?
True
Is 21547951 a composite number?
False
Is 26024521 composite?
False
Is 115574059 composite?
False
Is 788603 composite?
False
Is 33809929 a composite number?
False
Is 4625697 composite?
True
Is 3362197 a prime number?
False
Is 6912031 composite?
True
Is 1975219 composite?
True
Is 7099381 a composite number?
True
Is 8536211 prime?
False
Is 6237937 a prime number?
True
Is 169817237 prime?
False
Is 22275521 composite?
False
Is 5940694 prime?
False
Is 8534653 a composite number?
True
Is 27227471 composite?
True
Is 1074442 a prime number?
False
Is 5347882 a prime number?
False
Is 996995 a prime number?
False
Is 175864291 composite?
False
Is 232883503 prime?
False
Is 2197931 prime?
False
Is 41948015 a prime number?
False
Is 167087509 a prime number?
False
Is 654722017 prime?
True
Is 94513411 prime?
False
Is 3743407 a prime number?
False
Is 27070009 a composite number?
False
Is 73097509 prime?
True
Is 3331715183 a prime number?
True
Is 36197921 a prime number?
False
Is 19813819 composite?
False
Is 140025707 a prime number?
False
Is 408283 composite?
False
Is 72790343 a prime number?
True
Is 840643 a composite number?
False
Is 2968981 prime?
False
Is 27962443 prime?
True
Is 21259501 composite?
True
Is 6198311 prime?
False
Is 783301 prime?
False
Is 14635891 a prime number?
True
Is 10624547 a prime number?
True
Is 506841311 a composite number?
False
Is 116318333 a composite number?
True
Is 168071363 a composite number?
False
Is 57444161 a prime number?
False
Is 90503473 a composite number?
False
Is 2475373 a composite number?
True
Is 43719989 composite?
False
Is 1578701 a prime number?
True
Is 21451709 a composite number?
True
Is 7894339 a prime number?
False
Is 41949407 a prime number?
True
Is 1357789 a prime number?
False
Is 1505717 a prime number?
False
Is 62430163 prime?
False
Is 1154381 prime?
False
Is 116332817 a composite number?
False
Is 15221977 a prime number?
False
Is 50417215 prime?
False
Is 24812111 prime?
True
Is 158303137 prime?
True
Is 127819519 a prime number?
False
Is 4793885 prime?
False
Is 19768745 composite?
True
Is 2100734 a composite number?
True
Is 119499221 a prime number?
True
Is 759174683 composite?
False
Is 10538015 a composite number?
True
Is 53297645 prime?
False
Is 577598101 a composite number?
False
Is 2028907 composite?
False
Is 8183181 prime?
False
Is 377130401 a prime number?
False
Is 3577745 a prime number?
False
Is 1962563 a prime number?
False
Is 126110423 prime?
False
Is 150712969 composite?
True
Is 23131387 a composite number?
False
Is 26264557 a prime number?
False
Is 12847057 composite?
False
Is 114927227 a prime number?
True
Is 5078501 a composite number?
False
Is 29858317 a prime number?
True
Is 12359246 a composite number?
True
Is 148527109 composite?
False
Is 2466091 composite?
False
Is 69355709 prime?
False
Is 118115341 a composite number?
False
Is 12770953 composite?
True
Is 6874891 a composite number?
True
Is 17057665 a composite number?
True
Is 978461 a prime number?
False
Is 20427773 composite?
False
Is 26474813 a prime number?
True
Is 37343419 composite?
False
Is 40193401 a composite number?
False
Is 198391867 prime?
True
Is 268710383 a prime number?
False
Is 4681977 composite?
True
Is 5624809 prime?
False
Is 2930017 a prime number?
False
Is 21453427 composite?
False
Is 680327993 prime?
True
Is 24420619 prime?
False
Is 4027771 composite?
True
Is 4956191 prime?
False
Is 51084742 composite?
True
Is 10323059 prime?
True
Is 234569 a composite number?
True
Is 2025941 a prime number?
False
Is 791473 a prime number?
True
Is 4895567 prime?
False
Is 32415683 a prime number?
False
Is 65241479 a prime number?
False
Is 351223 composite?
False
Is 33085817 prime?
True
Is 14435585 prime?
False
Is 96353267 a composite number?
True
Is 5196887 prime?
False
Is 5208791 a prime number?
False
Is 2600867 composite?
False
Is 14997041 composite?
False
Is 329387 a composite number?
False
Is 18031007 a prime number?
True
Is 452289611 composite?
False
Is 16187603 prime?
False
Is 27945551 a prime number?
True
Is 37091927 a prime number?
False
Is 25197013 composite?
True
Is 88593691 composite?
True
Is 531591153 a prime number?
False
Is 21332879 composite?
False
Is 461194205 composite?
True
Is 3544949 prime?
False
Is 7115631 a composite number?
True
Is 207913 composite?
True
Is 61847963 a prime number?
False
Is 19187 composite?
True
Is 51089789 a prime number?
True
Is 3632879 composite?
False
Is 15632867 a prime number?
True
Is 23748973 prime?
True
Is 28674269 a prime number?
False
Is 13873849 prime?
False
Is 165967121 composite?
False
Is 4598609 a composite number?
True
Is 148869863 composite?
False
Is 190073 a composite number?
True
Is 7151039 a prime number?
False
Is 826139 a composite number?
True
Is 194452198 prime?
False
Is 471589 a prime number?
True
Is 2814233 a composite number?
False
Is 203692157 a composite number?
False
Is 9751169 a composite number?
False
Is 656655433 composite?
True
Is 647095 a composite number?
True
Is 14599693 prime?
False
Is 1870541